{"id":596,"date":"2025-05-26T11:10:55","date_gmt":"2025-05-26T09:10:55","guid":{"rendered":"https:\/\/cosp.careerserviceunimi.it\/?page_id=596"},"modified":"2025-09-05T17:10:12","modified_gmt":"2025-09-05T15:10:12","slug":"scopri-levento","status":"publish","type":"page","link":"https:\/\/cosp.careerserviceunimi.it\/scopri-levento\/","title":{"rendered":"Scopri l&#8217;evento"},"content":{"rendered":"<section class=\"l-section wpb_row us_custom_08ae8efe height_small\"><div class=\"l-section-h i-cf\"><div class=\"g-cols vc_row via_flex valign_top type_default stacking_default\"><div class=\"vc_col-sm-12 wpb_column vc_column_container\"><div class=\"vc_column-inner\"><div class=\"wpb_wrapper\"><div class=\"w-image align_none\"><div class=\"w-image-h\"><img decoding=\"async\" width=\"300\" height=\"300\" src=\"https:\/\/cosp.careerserviceunimi.it\/wp-content\/uploads\/2025\/05\/LOGO-JOBFAIR2025-1.svg\" class=\"attachment-medium size-medium\" alt=\"LOGO JOBFAIR 2025\" loading=\"lazy\" \/><\/div><\/div><div class=\"wpb_text_column\"><div class=\"wpb_wrapper\"><h3>LA STATALE<\/h3>\n<\/div><\/div><\/div><\/div><\/div><\/div><\/div><\/section><section class=\"l-section wpb_row us_custom_08ae8efe height_auto\"><div class=\"l-section-h i-cf\"><div class=\"g-cols vc_row via_flex valign_top type_default stacking_default\"><div class=\"vc_col-sm-12 wpb_column vc_column_container\"><div class=\"vc_column-inner\"><div class=\"wpb_wrapper\"><div class=\"wpb_text_column\"><div class=\"wpb_wrapper\"><p>Il pi\u00f9 importante evento organizzato dall\u2019Universit\u00e0 degli Studi di Milano per favorire la conoscenza e l\u2019incontro di studenti, studentesse, laureati e laureate con il mondo del lavoro continua in modalit\u00e0 mista: tre settimane di eventi online, due giornate in presenza l\u20198 e il 9 ottobre nella storica sede centrale dell\u2019Ateneo in via Festa del Perdono 7 e due settimane di colloqui online con aziende e studi legali.<\/p>\n<\/div><\/div><h6 class=\"w-text us_custom_ff68bcfe icon_atleft\"><span class=\"w-text-h\"><i class=\"fas fa-arrow-right\"><\/i><span class=\"w-text-value\">Dal 2 settembre<\/span><\/span><\/h6><div class=\"wpb_text_column\"><div class=\"wpb_wrapper\"><p>Studenti e studentesse, laureati e laureate potranno\u202f<strong>registrarsi alla piattaforma<\/strong>, caricare il proprio CV digitale, iniziare a conoscere le aziende, gli studi legali, gli enti pubblici, gli appartenenti al terzo settore e le ONG partecipanti attraverso le loro company page e iscriversi alle attivit\u00e0 online di proprio interesse.<\/p>\n<\/div><\/div><h6 class=\"w-text us_custom_ff68bcfe icon_atleft\"><span class=\"w-text-h\"><i class=\"fas fa-arrow-right\"><\/i><span class=\"w-text-value\">Dall\u20198 al 19 settembre<\/span><\/span><\/h6><div class=\"wpb_text_column\"><div class=\"wpb_wrapper\"><p>Gli iscritti avranno la possibilit\u00e0 di seguire gli\u202f<strong>incontri di preparazione all\u2019evento<\/strong>\u202fa cura del Career Service La Statale, per scoprire la piattaforma dell\u2019evento, le attivit\u00e0 previste e le modalit\u00e0 per candidarsi alle opportunit\u00e0 offerte dalle realt\u00e0 di proprio interesse.<\/p>\n<\/div><\/div><h6 class=\"w-text us_custom_ff68bcfe icon_atleft\"><span class=\"w-text-h\"><i class=\"fas fa-arrow-right\"><\/i><span class=\"w-text-value\">Dal 22 settembre al 3 ottobre<\/span><\/span><\/h6><div class=\"wpb_text_column\"><div class=\"wpb_wrapper\"><p>Al via le <strong>presentazioni delle aziende e degli studi legali<\/strong> e gli\u202f<strong>incontri di orientamento al lavoro online<\/strong>, in collaborazione con aziende, professionisti del settore e partner dell\u2019Ateneo e pensati per fornire strumenti utili per entrare nel mondo del lavoro.<\/p>\n<\/div><\/div><h6 class=\"w-text us_custom_ff68bcfe icon_atleft\"><span class=\"w-text-h\"><i class=\"fas fa-arrow-right\"><\/i><span class=\"w-text-value\">8 ottobre<\/span><\/span><\/h6><div class=\"wpb_text_column\"><div class=\"wpb_wrapper\"><p>L\u2019 <strong>8 ottobre<\/strong> saranno presenti le <strong>aziende<\/strong> e gli <strong>studi legali<\/strong> in Ateneo col proprio stand per incontrare dal vivo i partecipanti e raccogliere le loro candidature.<\/p>\n<\/div><\/div><h6 class=\"w-text us_custom_ff68bcfe icon_atleft\"><span class=\"w-text-h\"><i class=\"fas fa-arrow-right\"><\/i><span class=\"w-text-value\">9 ottobre<\/span><\/span><\/h6><div class=\"wpb_text_column\"><div class=\"wpb_wrapper\"><p>Il <strong>9 ottobre<\/strong> saranno presenti gli <strong>enti pubblici<\/strong>, gli appartenenti al <strong>terzo settore<\/strong> e le <strong>ONG<\/strong> in Ateneo col proprio stand per incontrare dal vivo i partecipanti e raccogliere le loro candidature.<\/p>\n<\/div><\/div><h6 class=\"w-text us_custom_ff68bcfe icon_atleft\"><span class=\"w-text-h\"><i class=\"fas fa-arrow-right\"><\/i><span class=\"w-text-value\">Dal 13 al 24 ottobre<\/span><\/span><\/h6><div class=\"wpb_text_column\"><div class=\"wpb_wrapper\"><p>Le aziende e gli studi legali potranno svolgere i colloqui con i candidati di loro interesse.<\/p>\n<\/div><\/div><div class=\"ult-spacer spacer-69f9b68a4abc1\" data-id=\"69f9b68a4abc1\" data-height=\"64\" data-height-mobile=\"64\" data-height-tab=\"64\" data-height-tab-portrait=\"\" data-height-mobile-landscape=\"\" style=\"clear:both;display:block;\"><\/div><\/div><\/div><\/div><\/div><\/div><\/section>\n","protected":false},"excerpt":{"rendered":"LA STATALE Il pi\u00f9 importante evento organizzato dall\u2019Universit\u00e0 degli Studi di Milano per favorire la conoscenza e l\u2019incontro di studenti, studentesse, laureati e laureate con il mondo del lavoro continua in modalit\u00e0 mista: tre settimane di eventi online, due giornate in presenza l\u20198 e il 9 ottobre nella storica sede centrale dell\u2019Ateneo in via Festa...","protected":false},"author":1,"featured_media":0,"parent":0,"menu_order":0,"comment_status":"closed","ping_status":"closed","template":"","meta":{"_acf_changed":false,"footnotes":""},"class_list":["post-596","page","type-page","status-publish","hentry"],"acf":[],"yoast_head":"<!-- This site is optimized with the Yoast SEO plugin v25.4 - https:\/\/yoast.com\/wordpress\/plugins\/seo\/ -->\n<title>Scopri l&#039;evento - Unimi - Job Fair 2025<\/title>\n<meta name=\"robots\" content=\"index, follow, max-snippet:-1, max-image-preview:large, max-video-preview:-1\" \/>\n<link rel=\"canonical\" href=\"https:\/\/cosp.careerserviceunimi.it\/scopri-levento\/\" \/>\n<meta property=\"og:locale\" content=\"it_IT\" \/>\n<meta property=\"og:type\" content=\"article\" \/>\n<meta property=\"og:title\" content=\"Scopri l&#039;evento - Unimi - Job Fair 2025\" \/>\n<meta property=\"og:url\" content=\"https:\/\/cosp.careerserviceunimi.it\/scopri-levento\/\" \/>\n<meta property=\"og:site_name\" content=\"Unimi - Job Fair 2025\" \/>\n<meta property=\"article:modified_time\" content=\"2025-09-05T15:10:12+00:00\" \/>\n<meta name=\"twitter:card\" content=\"summary_large_image\" \/>\n<meta name=\"twitter:label1\" content=\"Tempo di lettura stimato\" \/>\n\t<meta name=\"twitter:data1\" content=\"2 minuti\" \/>\n<script type=\"application\/ld+json\" class=\"yoast-schema-graph\">{\"@context\":\"https:\/\/schema.org\",\"@graph\":[{\"@type\":\"WebPage\",\"@id\":\"https:\/\/cosp.careerserviceunimi.it\/scopri-levento\/\",\"url\":\"https:\/\/cosp.careerserviceunimi.it\/scopri-levento\/\",\"name\":\"Scopri l'evento - Unimi - Job Fair 2025\",\"isPartOf\":{\"@id\":\"https:\/\/cosp.careerserviceunimi.it\/#website\"},\"datePublished\":\"2025-05-26T09:10:55+00:00\",\"dateModified\":\"2025-09-05T15:10:12+00:00\",\"breadcrumb\":{\"@id\":\"https:\/\/cosp.careerserviceunimi.it\/scopri-levento\/#breadcrumb\"},\"inLanguage\":\"it-IT\",\"potentialAction\":[{\"@type\":\"ReadAction\",\"target\":[\"https:\/\/cosp.careerserviceunimi.it\/scopri-levento\/\"]}]},{\"@type\":\"BreadcrumbList\",\"@id\":\"https:\/\/cosp.careerserviceunimi.it\/scopri-levento\/#breadcrumb\",\"itemListElement\":[{\"@type\":\"ListItem\",\"position\":1,\"name\":\"Home\",\"item\":\"https:\/\/cosp.careerserviceunimi.it\/\"},{\"@type\":\"ListItem\",\"position\":2,\"name\":\"Scopri l&#8217;evento\"}]},{\"@type\":\"WebSite\",\"@id\":\"https:\/\/cosp.careerserviceunimi.it\/#website\",\"url\":\"https:\/\/cosp.careerserviceunimi.it\/\",\"name\":\"Unimi - Job Fair 2025\",\"description\":\"\",\"publisher\":{\"@id\":\"https:\/\/cosp.careerserviceunimi.it\/#organization\"},\"potentialAction\":[{\"@type\":\"SearchAction\",\"target\":{\"@type\":\"EntryPoint\",\"urlTemplate\":\"https:\/\/cosp.careerserviceunimi.it\/?s={search_term_string}\"},\"query-input\":{\"@type\":\"PropertyValueSpecification\",\"valueRequired\":true,\"valueName\":\"search_term_string\"}}],\"inLanguage\":\"it-IT\"},{\"@type\":\"Organization\",\"@id\":\"https:\/\/cosp.careerserviceunimi.it\/#organization\",\"name\":\"Unimi - Job Fair 2025\",\"url\":\"https:\/\/cosp.careerserviceunimi.it\/\",\"logo\":{\"@type\":\"ImageObject\",\"inLanguage\":\"it-IT\",\"@id\":\"https:\/\/cosp.careerserviceunimi.it\/#\/schema\/logo\/image\/\",\"url\":\"https:\/\/cosp.careerserviceunimi.it\/wp-content\/uploads\/2025\/05\/LOGO-JOBFAIR2025-1.svg\",\"contentUrl\":\"https:\/\/cosp.careerserviceunimi.it\/wp-content\/uploads\/2025\/05\/LOGO-JOBFAIR2025-1.svg\",\"width\":\"1024\",\"height\":\"1024\",\"caption\":\"Unimi - Job Fair 2025\"},\"image\":{\"@id\":\"https:\/\/cosp.careerserviceunimi.it\/#\/schema\/logo\/image\/\"}}]}<\/script>\n<!-- \/ Yoast SEO plugin. -->","yoast_head_json":{"title":"Scopri l'evento - Unimi - Job Fair 2025","robots":{"index":"index","follow":"follow","max-snippet":"max-snippet:-1","max-image-preview":"max-image-preview:large","max-video-preview":"max-video-preview:-1"},"canonical":"https:\/\/cosp.careerserviceunimi.it\/scopri-levento\/","og_locale":"it_IT","og_type":"article","og_title":"Scopri l'evento - Unimi - Job Fair 2025","og_url":"https:\/\/cosp.careerserviceunimi.it\/scopri-levento\/","og_site_name":"Unimi - Job Fair 2025","article_modified_time":"2025-09-05T15:10:12+00:00","twitter_card":"summary_large_image","twitter_misc":{"Tempo di lettura stimato":"2 minuti"},"schema":{"@context":"https:\/\/schema.org","@graph":[{"@type":"WebPage","@id":"https:\/\/cosp.careerserviceunimi.it\/scopri-levento\/","url":"https:\/\/cosp.careerserviceunimi.it\/scopri-levento\/","name":"Scopri l'evento - Unimi - Job Fair 2025","isPartOf":{"@id":"https:\/\/cosp.careerserviceunimi.it\/#website"},"datePublished":"2025-05-26T09:10:55+00:00","dateModified":"2025-09-05T15:10:12+00:00","breadcrumb":{"@id":"https:\/\/cosp.careerserviceunimi.it\/scopri-levento\/#breadcrumb"},"inLanguage":"it-IT","potentialAction":[{"@type":"ReadAction","target":["https:\/\/cosp.careerserviceunimi.it\/scopri-levento\/"]}]},{"@type":"BreadcrumbList","@id":"https:\/\/cosp.careerserviceunimi.it\/scopri-levento\/#breadcrumb","itemListElement":[{"@type":"ListItem","position":1,"name":"Home","item":"https:\/\/cosp.careerserviceunimi.it\/"},{"@type":"ListItem","position":2,"name":"Scopri l&#8217;evento"}]},{"@type":"WebSite","@id":"https:\/\/cosp.careerserviceunimi.it\/#website","url":"https:\/\/cosp.careerserviceunimi.it\/","name":"Unimi - Job Fair 2025","description":"","publisher":{"@id":"https:\/\/cosp.careerserviceunimi.it\/#organization"},"potentialAction":[{"@type":"SearchAction","target":{"@type":"EntryPoint","urlTemplate":"https:\/\/cosp.careerserviceunimi.it\/?s={search_term_string}"},"query-input":{"@type":"PropertyValueSpecification","valueRequired":true,"valueName":"search_term_string"}}],"inLanguage":"it-IT"},{"@type":"Organization","@id":"https:\/\/cosp.careerserviceunimi.it\/#organization","name":"Unimi - Job Fair 2025","url":"https:\/\/cosp.careerserviceunimi.it\/","logo":{"@type":"ImageObject","inLanguage":"it-IT","@id":"https:\/\/cosp.careerserviceunimi.it\/#\/schema\/logo\/image\/","url":"https:\/\/cosp.careerserviceunimi.it\/wp-content\/uploads\/2025\/05\/LOGO-JOBFAIR2025-1.svg","contentUrl":"https:\/\/cosp.careerserviceunimi.it\/wp-content\/uploads\/2025\/05\/LOGO-JOBFAIR2025-1.svg","width":"1024","height":"1024","caption":"Unimi - Job Fair 2025"},"image":{"@id":"https:\/\/cosp.careerserviceunimi.it\/#\/schema\/logo\/image\/"}}]}},"_links":{"self":[{"href":"https:\/\/cosp.careerserviceunimi.it\/wp-json\/wp\/v2\/pages\/596","targetHints":{"allow":["GET"]}}],"collection":[{"href":"https:\/\/cosp.careerserviceunimi.it\/wp-json\/wp\/v2\/pages"}],"about":[{"href":"https:\/\/cosp.careerserviceunimi.it\/wp-json\/wp\/v2\/types\/page"}],"author":[{"embeddable":true,"href":"https:\/\/cosp.careerserviceunimi.it\/wp-json\/wp\/v2\/users\/1"}],"replies":[{"embeddable":true,"href":"https:\/\/cosp.careerserviceunimi.it\/wp-json\/wp\/v2\/comments?post=596"}],"version-history":[{"count":33,"href":"https:\/\/cosp.careerserviceunimi.it\/wp-json\/wp\/v2\/pages\/596\/revisions"}],"predecessor-version":[{"id":5666,"href":"https:\/\/cosp.careerserviceunimi.it\/wp-json\/wp\/v2\/pages\/596\/revisions\/5666"}],"wp:attachment":[{"href":"https:\/\/cosp.careerserviceunimi.it\/wp-json\/wp\/v2\/media?parent=596"}],"curies":[{"name":"wp","href":"https:\/\/api.w.org\/{rel}","templated":true}]}}